-21)/3).
6
Let f be (5 + -1)/(3/12). Suppose 15 = n - f. What is the remainder when n is divided by 8?
7
Suppose 6 + 18 = 6*l. Calculate the remainder when 7 is divided by l.
3
Let h(z) = -2*z**2. Let i be h(1). Suppose -g + 2*v = 10, -5*v + v - 92 = 5*g. What is the remainder when 46 is divided by g/(-6)*(8 + i)?
14
Let r = -2 + 4. Calculate the remainder when 2/(-1 + 18/14) is divided by r.
1
Let c be (0 + 1/(-2))*-2. Calculate the remainder when 25 is divided by (9 - -1 - -3)/c.
12
Suppose -7*h = u - 4*h - 25, 0 = h - 2. Suppose -m + 4*g + 38 = -0*m, 4*m - 5*g = 196. Calculate the remainder when m is divided by u.
16
Let v(g) = 2*g**3 - 6*g**2 + 5*g - 5. What is the remainder when v(4) is divided by -1 - (0 + 17)*-1?
15
Let w(i) = -i**3 - 6*i**2 + 6*i - 4. What is the remainder when 8 is divided by w(-7)?
2
What is the remainder when 70 is divided by (1 + -3 + 1)*-4 - -20?
22
Suppose 0 = -l - 1 - 1. Calculate the remainder when 27 is divided by -1*(3 - l)*-2.
7
Let g be (-315)/25 + (-6)/15. Let l = 1 - g. Calculate the remainder when l is divided by (6/4)/(6/32).
6
Let w = 5 - 5. Let v be 0 + (w - -1) - -1. What is the remainder when v/(-9) + 364/18 is divided by 7?
6
Let i(o) = -o**2 - 9*o + 3. Suppose -4*z + 284 = -z - 2*r, -3*z + 286 = -4*r. Let n = -63 + z. Calculate the remainder when n is divided by i(-8).
9
Suppose -3*i = 2*d - 181, -2*d + 4*i + 145 + 15 = 0. Suppose -5*n = -4*j - 80, -5*n - 5*j + d = 6. Calculate the remainder when n is divided by 9.
7
Let k = -57 - -81. Let w = -1 + k. Suppose -4*p - w = -67. What is the remainder when 31 is divided by p?
9
Let g(l) = -l**3 - 11*l**2 - 12*l - 12. Calculate the remainder when g(-10) is divided by 6.
2
Let z = -2 + 11. Suppose -k + 47 = d, -3*k + 0*k + 2*d + 161 = 0. Suppose 5*p - k = 2*p. Calculate the remainder when p is divided by z.
8
Let x = -125 - -151. What is the remainder when x is divided by 14?
12
Let f(r) = -r**2 - 4*r - 2. Let a be f(-3). Suppose 2*u = 2*t - 2, -4*u - 3*t - a = -11. Calculate the remainder when 3 is divided by 2 + u + (-1 - 0).
1
Suppose -c - 2*c = -18. Calculate the remainder when 27 is divided by c.
3
Suppose 5*f - 3 = w, 5 = 5*w + 3*f - 8. What is the remainder when 7 is divided by (w/6)/((-2)/(-24))?
3
Let h = 22 - 10. Let y be (0 - 0) + 0/(-4). Suppose a - 12 - 21 = y. Calculate the remainder when a is divided by h.
9
Suppose 2*a - 143 - 91 = 0. Calculate the remainder when a is divided by 60.
57
Suppose 15 = 3*y, -2*y + 16 + 10 = 4*m. Suppose 2*c - 57 = 81. Suppose -c = -m*l + 71. What is the remainder when l is divided by 18?
17
Suppose 2*p - 2*q - 26 = -q, -2*q + 23 = p. What is the remainder when 29 is divided by p?
14
What is the remainder when 18 is divided by (2/4)/((-1)/(-14))?
4
Let q be 2/(-3) - 8/(-12). Let x = q - -4. Let o(w) = 2*w - 6. What is the remainder when o(6) is divided by x?
2
Let s(j) = j**2 + 6. Let g be s(0). Let t = g - 9. Let q = t + 13. What is the remainder when 28 is divided by q?
8
Let c = -44 - -83. What is the remainder when c is divided by 6?
3
Suppose -2*m - 3 + 5 = 0. Calculate the remainder when (-2 - -2) + m - -17 is divided by (-30)/4*(-16)/12.
8
Calculate the remainder when 18/12*(-236)/(-3) is divided by 30.
28
Let k be (-4)/(-6) - (-178)/3. Suppose -k = -5*m - 0*m. Calculate the remainder when m is divided by 5.
2
Calculate the remainder when 77 is divided by (-3)/(3 + (-20)/6).
5
Let n = 20 - 13. Suppose -y - n = -2*y. Calculate the remainder when 25 is divided by y.
4
Let k = 61 + -26. Calculate the remainder when k is divided by 12.
11
Let t = 0 - -2. Let r(f) = f**2 + 8*f - 6. What is the remainder when r(-9) is divided by t?
1
Let y = -54 - -77. What is the remainder when 45 is divided by y?
22
Suppose 4*p + 40 = -p. Calculate the remainder when 45 is divided by p/24 - (-73)/3.
21
Suppose -3*r - 8 = 4*g, -3 = g + 4*r - 1. What is the remainder when g + (2 - 1) + 48 is divided by 24?
23
Let y = -70 - -74. Suppose 2*v - 19 = -m, 0*m = m + 3. Calculate the remainder when v is divided by y.
3
Let o(s) = -3*s + 1. Let u be o(-1). Calculate the remainder when 170/u - (-1)/(-2) is divided by 11.
9
Let d(n) = n**3 - 5*n**2 + 3. Let f be d(5). Let y(c) = 18*c - 4. Let o be y(f). Suppose m = -m + o. Calculate the remainder when m is divided by 14.
11
Suppose 2*q = -2*q + 108. Calculate the remainder when 105 is divided by q.
24
Let d(n) = -n**2 + 77. Let p = 5 - -15. Calculate the remainder when d(0) is divided by p.
17
Let j = -16 + 7. Let v be 118/(-3) - 3/j. Let l = -21 - v. What is the remainder when 35 is divided by l?
17
Suppose -6 = -5*y + 2*y. Suppose y*k + 4*u = k + 25, 3 = -u. Calculate the remainder when k is divided by 19.
18
Suppose 4*r - 3*r = -1. Let w = 7 - r. Suppose -4 - w = -3*y. What is the remainder when 10 is divided by y?
2
Suppose 2*m - 111 = o + 2*o, m - 53 = o. What is the remainder when m is divided by 13?
9
Let n = -134 - -146. Calculate the remainder when n is divided by 9.
3
Let x be 0 + 0 + 2 - 6. Calculate the remainder when 11 is divided by (3/x)/(2/(-8)).
2
Suppose -3*y - 7 = -0*r + 4*r, r - 11 = -5*y. Let i(a) = a**3 + 5*a**2 + 7. Suppose 3*c - 2 + 17 = 0. Calculate the remainder when i(c) is divided by y.
1
Suppose 5*p - 2*u - u - 9 = 0, 0 = -3*p + u + 7. Suppose 6 = m - 5. What is the remainder when m is divided by p?
2
Let i = -98 - -193. Calculate the remainder when i is divided by 24.
23
Suppose -5*c + c + 212 = 0. Suppose 4*t = -5*q + c, -3*t - q = -t - 31. Let g(n) = n**2 - 9*n - 1. What is the remainder when t is divided by g(10)?
8
Let z(b) = -b**2 + 10*b - 9. Suppose -32 = -3*u + 22. What is the remainder when u is divided by z(8)?
4
Let t = -43 + 16. Let b = 41 + t. What is the remainder when 41 is divided by b?
13
Let w(z) = -z**2 + 13*z - 8. Let l be w(12). Suppose 7*y = l*y + 27. What is the remainder when 33 is divided by y?
6
Let q(o) = 8*o**3 + o**2 - o + 1. Let f(u) = -15*u**3 - 2*u**2 + u - 2. Let m(z) = 3*f(z) + 5*q(z). What is the remainder when 18 is divided by m(-1)?
3
Calculate the remainder when -2*((-305)/10 - -3) is divided by 28.
27
Let x(a) = -18*a - 55. Calculate the remainder when x(-6) is divided by 6.
5
Let u(s) = s**2 - 9*s - 10. Let j be u(11). Suppose 22 = o - 4*c, -o - 2*c + 10 = -j. What is the remainder when 63 is divided by o?
19
Let c = 105 + -70. Calculate the remainder when c is divided by 12.
11
Let q(h) = 2*h**2 + 4*h - 5. Calculate the remainder when q(5) is divided by 136/6 - (-4)/(-6).
21
Let a(b) = 2*b**3 - 21*b**2 + 14*b + 8. Calculate the remainder when a(10) is divided by 17.
14
Suppose -1 - 2 = 3*u. What is the remainder when u/((-1)/18) + 1 is divided by 7?
5
Let v(p) = -p**3 + 3*p + 2. Let b be v(-3). Suppose 2*i - 3*c = -0*i + 16, -2*i + b = -c. Calculate the remainder when 20 is divided by i.
9
Suppose 0 = 3*j - 2*j. Let z = 10 - j. Let y = 3 + z. Calculate the remainder when 24 is divided by y.
11
Suppose -x + 111 = 5*k, -6*x - 81 = -3*k - 3*x. What is the remainder when 66 is divided by k?
20
Suppose 0 = 2*f - 7*f + 10. Suppose f*x - 21 = 17. Calculate the remainder when 36 is divided by x.
17
Let p(l) = l**2 - 2*l - 8. Suppose -22*y + 11*y + 495 = 0. What is the remainder when y is divided by p(6)?
13
Suppose -w + 3 = -6. Suppose 3*o - 3*t - 9 = -3, 0 = 2*o - 5*t + 5. What is the remainder when o is divided by (-10)/(-3) - 3/w?
2
Suppose -6 = -q - 2. Suppose -q*n = 4 - 20. Suppose 0 = 3*a - a - 22. Calculate the remainder when a is divided by n.
3
Suppose 0 = b + 3*b. Suppose 2*s - 2*p = -306 - 192, 3*s - 4*p + 748 = b. Calculate the remainder when 2*1*s/(-16) is divided by 11.
9
Let g = -10 + 17. Suppose z + 2*m + g - 30 = 0, -4*z + 37 = -3*m. Suppose 0 = -2*f - f + 75. What is the remainder when f is divided by z?
12
Let u(f) = -21*f**2 + 2*f - 1. Let h(n) = -n**2. Let g(a) = -6*h(a) - u(a). Calculate the remainder when g(1) is divided by 10.
6
Suppose -2*q - 2*b - 3 + 61 = 0, 0 = 5*q - b - 145. What is the remainder when 113 is divided by q?
26
Let h(m) be the second derivative of m**4/12 - 5*m**3/6 - 5*m**2 - 2*m. What is the remainder when 10 is divided by h(7)?
2
Suppose -3 - 13 = -4*m. Suppose 0*s = m*s - 24. Calculate the remainder when s is divided by 4.
2
Suppose 5 = -h - 3*g + 31, -4*g = -5*h + 111. Wha